 + 30 = -2*f + 3*g. Let x(d) = -d**3 + 6*d**2 - 2*d + 5. Let a be x(6). Let i = a - f. What are the prime factors of i?
2, 3
Let g = 0 + -3. Let p be g + 2*7/2. Let a(i) = -i**2 + 6*i + 3. What are the prime factors of a(p)?
11
Suppose 2*p + 2*b - 38 = 0, -2*b = -b + 4. What are the prime factors of p?
23
Let a(i) be the second derivative of -i**6/720 - i**5/24 + i**4/12 - 2*i. Let q(f) be the third derivative of a(f). What are the prime factors of q(-8)?
3
Let n = 41 - 107. List the prime factors of n/(-10) + (-9)/15.
2, 3
Let m = 86 + -45. What are the prime factors of m?
41
Suppose 3*s = -0*s + 285. Suppose b - 6*b = -s. What are the prime factors of b?
19
Let a(j) = -3*j - 4. Suppose 0 = 3*u + 23 - 8. What are the prime factors of a(u)?
11
Let m = 230 + 131. What are the prime factors of m?
19
Let p(h) = h**3 - 5*h**2 - 6*h + 2. Let m be ((-3)/(-2))/((-3)/(-12)). What are the prime factors of p(m)?
2
Suppose 30 = 4*s - 5*t, s = 3*t + 2 + 2. Let a = s + -32. List the prime factors of a*((-3)/(-6) - 1).
11
Let g(i) = -2*i - 17. What are the prime factors of g(-10)?
3
Suppose 3*t - 9 = -4*d + 32, -t + 12 = d. What are the prime factors of t?
7
Let l(f) = -f**2 + 6*f - 3. Let b be l(5). Suppose b*j - m = 2, -2*m = -m - 2. Suppose -4*s + 3 = 5*u, j*s - 6*s - 3 = 3*u. List the prime factors of u.
3
Suppose f - 5*s = -3*f + 5, 3*f - 5 = 5*s. Suppose -4*a + 5*p = -13 - 15, -5*p = f. List the prime factors of a.
7
Let v(f) = f**3 - 2*f**2. Let u be v(2). Let n = 6 + u. List the prime factors of n.
2, 3
Let i be 0 + 0 + 0 + 50. Suppose -5*o = 3*n - i, 2*n - 10 = -2*o + o. What are the prime factors of o?
2, 5
Let s(u) = -u**2 + 13*u - 14. Let b be s(10). Let k = -10 + b. What are the prime factors of k?
2, 3
Let h(t) = -t**2 + 4*t - 2. Let f be h(2). Suppose 0 = -5*j - 2*r + 4, -4*j + 2 = 3*r - f*r. Suppose j = 4*q - 20 - 4. List the prime factors of q.
2, 3
What are the prime factors of 38/(-8)*(-15)/((-75)/(-140))?
7, 19
Suppose -z + 2*z + 2 = 0. List the prime factors of (11/z)/((-7)/14).
11
Let i = 69 - 36. What are the prime factors of i?
3, 11
Let g = 6 + 2. Let r = 21 - g. List the prime factors of r.
13
Suppose -6*n + 2*n = 0. Suppose 2*t - 64 = -n*t. List the prime factors of t.
2
Suppose 102 = -3*p - 3*v, 0*p = 4*p + v + 121. Let g = -15 - p. What are the prime factors of g?
2, 7
Let g be ((-4)/(-6))/((-10)/(-75)). Suppose -3 = -g*h + 22. List the prime factors of h.
5
Suppose -2*m = -5*k + 12, -5*k = 4*m - 3 - 33. Suppose m*v - 3 = -11. List the prime factors of (-1 - v)/(2/16).
2
Let o(g) = -11*g - 3. Let d(x) = 5*x + 2. Let k(b) = -7*d(b) - 3*o(b). List the prime factors of k(-9).
13
Let c be (2/(-4))/((-4)/120). Suppose -5*a - 180 = -0*a. List the prime factors of (-50)/c*a/10.
2, 3
Let r(j) = j**2 - 8*j + 9. Let z be r(6). Let u = -6 - z. List the prime factors of (-6)/u + 1 + 10.
13
Suppose -496 - 596 = -7*h. What are the prime factors of h?
2, 3, 13
Suppose 1 + 11 = 2*w. What are the prime factors of 68/w - 3/9?
11
Let h(m) = 5*m**2 + m + 1. Let l be h(-1). Suppose l*d = 7*d - 24. List the prime factors of d.
2, 3
Suppose 12 = m - 5*l, 6 + 2 = -4*l. Suppose r + m = 9. Let s = 19 - r. What are the prime factors of s?
2, 3
Suppose 4*k - p = 43, 0 = -5*p - 0 + 25. Suppose 0 = c + 2*c - k. Suppose 0 = c*o - 3 - 49. What are the prime factors of o?
13
Suppose 0*r - 3*r + 15 = 2*n, -n = -5*r + 12. Suppose 2*m + r = 17. What are the prime factors of m?
7
Suppose -65 + 0 = 5*f. Let w = -4 - f. Suppose 5*u - w = 3*t - 3, 21 = 4*u + 3*t. What are the prime factors of u?
3
Suppose -l + 2*r + 82 = l, -3*l + 2*r + 118 = 0. List the prime factors of l.
2, 3
Let i = -144 + 132. Let n be (-1)/(1/(-1)) - -1. Let y = n - i. List the prime factors of y.
2, 7
Let d = 18 + -13. Suppose 27 + 23 = d*j. What are the prime factors of j?
2, 5
Suppose 5*a - 2*a = -v + 5, -3*a = 0. Let p(j) = -j**2 + 12*j + 2. List the prime factors of p(v).
37
Let n = -2 + -19. Let o = -6 - n. What are the prime factors of o?
3, 5
Suppose 3*d - 2*d - 80 = 0. Let h = d - 53. List the prime factors of h.
3
Suppose -3*p + 35 = 2*p. Let n be (-2)/7 + (-30)/42. Let k = n + p. List the prime factors of k.
2, 3
Let g = -259 - -372. List the prime factors of g.
113
Suppose 2*n = 2*q - 84, 4*q = 7*q + 4*n - 147. What are the prime factors of q?
3, 5
Suppose 2*o + 78 = -2*z + 3*z, 2*o = -2*z + 174. What are the prime factors of z?
2, 3, 7
Let t = 2 + 0. Suppose -5*z = a + 6, -4 - 4 = -a + t*z. Suppose -a*d - 4 = -16. What are the prime factors of d?
3
Suppose 5969 = 17*u + 869. What are the prime factors of u?
2, 3, 5
Suppose 31 = t + u + 2*u, -4*t = -u - 124. Let c = -21 + t. What are the prime factors of c?
2, 5
Suppose 0 = -0*t - 4*t. Suppose -4*d + 10 = -3*d. Suppose -w + t = -d. What are the prime factors of w?
2, 5
Suppose m - 2*o = -4*o + 30, -3*m = o - 85. Let c = m - 9. What are the prime factors of c?
19
Suppose -2*z - 4*g + 24 = -4*z, z = -g + 3. List the prime factors of 10 + z*(-1)/(-2).
3
Let g(w) = 4*w**3 - w**2 + w + 1. Let p be g(-1). Let b = p + 4. What are the prime factors of ((-3)/((-9)/(-12)))/b?
2
Let o(x) = x + 1. Suppose -3*z - 26 = 4*m, 2*z - 5*m + 48 = -0*z. Let y = -10 - z. What are the prime factors of o(y)?
5
Let s(n) = 5*n + 5*n**3 - 3*n + 2 - 6*n**3 + n. What are the prime factors of s(-3)?
2, 5
Suppose 2 = -d - 2. Let x(s) be the second derivative of s**5/20 + s**4/2 + s**3 + s**2/2 + 8*s. List the prime factors of x(d).
3
Let d(o) = -o**3 - 2*o + 10. List the prime factors of d(0).
2, 5
Let u = -8 - -10. Suppose 0 = 2*z - u - 2. Suppose c = -z*c + 45. What are the prime factors of c?
3, 5
Let g be ((-24)/15)/((-1)/25). Suppose -5*a + s + 36 = -s, 4*a = -4*s + g. List the prime factors of a.
2
Suppose 3*d - 13 = 23. Let n be (-3)/d + (-170)/(-8). Suppose -3*u = 3*s - n, 0*s - 4*u - 26 = -2*s. List the prime factors of s.
3
Suppose 0*s + s = 4*l - 304, 4*l - 280 = -5*s. Suppose 4*y - l = -y. What are the prime factors of y?
3, 5
Let t be 14/21 + 10/(-6). Let d be t/((-3)/30) - 2. Suppose 3*r = 5*r - d. What are the prime factors of r?
2
Suppose 5*v - 4*z = 77, -4 = 4*v + z - 53. Let o = 18 - v. List the prime factors of o.
5
Let r(f) = f**2 + 5*f + 3. Let z be r(-5). Let d be 3/2*(-2)/z. Let l(g) = 8*g**2 - 2*g - 1. List the prime factors of l(d).
3
Let j(b) = -9*b**2 - b - 1. Let q(g) = -4*g**2 - g - 1. Let u(o) = -2*j(o) + 5*q(o). Let y be u(-4). Let p = y - -32. List the prime factors of p.
3
Let z = 11 + -3. Let o = z - 2. Suppose -o*n + n + 5*i = 0, 2*n = -3*i + 25. List the prime factors of n.
5
Let q(r) = r**3 + 6*r**2 + 5*r + 5. Let y be q(-5). Suppose -4*i = y*v - 3, 0 = 3*v - 4*i + 8 + 3. What are the prime factors of (v - 3)*(2 + -4)?
2
What are the prime factors of 73 + 1*(7 - 2)?
2, 3, 13
Suppose 12*f + 472 = 16*f. List the prime factors of f.
2, 59
Let f(z) = 7*z**2 + 2*z - 3. Let p(v) = 8*v**2 + 2*v - 3. Let x(i) = 7*f(i) - 6*p(i). What are the prime factors of x(5)?
2
Let a = 4 - -30. List the prime factors of a.
2, 17
Let a be 12*(2 - 116/16). Let m = a - -107. What are the prime factors of m?
2, 11
Let i = 5 + 16. Suppose 0*k - k = -i. What are the prime factors of k?
3, 7
Suppose z - 29 = 4. Suppose 3*k = 9, 3*r - z = 7*k - 2*k. What are the prime factors of r?
2
Let d be 2/(-7) - (-16)/7. Let p = d + -2. Suppose p = 2*o - 4*o + 18. List the prime factors of o.
3
Let x(h) = -2*h - 1. Let g be x(1). Let o(j) = 2*j**2 + 4*j - 1. Let n be o(g). Suppose 2*c + 59 = 4*w + 15, -4*c = n*w - 29. What are the prime factors of w?
3
Suppose 0 = -5*l + 23 - 3. Let d(z) = -4*z**3 - z**2 - 3*z - 2. Let r be d(-2). Suppose l*t - r = -0*t. What are the prime factors of t?
2
Let h be (-3)/(1 + 2) + 5. Suppose 4*c + h = 5*c. List the prime factors of ((-6)/5)/(c/(-20)).
2, 3
Let m be 6/27 + (-426)/(-27). Suppose 2*v = v + m. Suppose 3*h - 4*i - v = 4*h, h + 2*i = -6. List the prime factors of h.
2
Let t = 1031 - 721. What are the prime factors of t?
2, 5, 31
Suppose -15 = -0*d - 3*d. Let i = 1 + d. List the prime factors of i.
2, 3
Let d be (-1)/2 + (-22)/(-4). Suppose 5*z - 231 = -n, -3*n - 229 = -d*z - 2*n. What are the prime factors of (-6)/(-18) + z/6?
2
Suppose 0*y + 31 = -5*y - 4*s, -4*y = 2*s + 20. List the prime factors of (y/2)/((-2)/24).
2